{"id":336,"date":"2022-06-06T00:23:28","date_gmt":"2022-06-05T22:23:28","guid":{"rendered":"https:\/\/algeriademocracy.com\/?page_id=336"},"modified":"2023-04-08T09:37:51","modified_gmt":"2023-04-08T07:37:51","slug":"statuts-de-lassociation-algeria-democracy","status":"publish","type":"page","link":"https:\/\/algeriademocracy.com\/index.php\/statuts-de-lassociation-algeria-democracy\/","title":{"rendered":"Statuts de l&rsquo;Association"},"content":{"rendered":"\n<p>Version PDF, cliquer ici: <a href=\"https:\/\/algeriademocracy.com\/wp-content\/uploads\/2022\/06\/Statuts-Algeria-Democracy-2022-03-27.pdf\" target=\"_blank\" rel=\"noreferrer noopener\">https:\/\/algeriademocracy.com\/wp-content\/uploads\/2022\/06\/Statuts-Algeria-Democracy-2022-03-27.pdf<\/a><\/p>\n\n\n\n<h1 class=\"wp-block-heading\">Articles des statuts<\/h1>\n\n\n\n<p><strong>Article 1 : Nom<\/strong><\/p>\n\n\n\n<p>Il est fond\u00e9 entre les adh\u00e9rents aux pr\u00e9sents statuts une association \u00e0 but non lucratif r\u00e9gie par la loi du 1er Juillet 1901 et le d\u00e9cret du 16 ao\u00fbt 1901, ayant pour titre \u00ab Algeria Democracy \u00bb<\/p>\n\n\n\n<p><strong>Article 2 :&nbsp; Objet<\/strong><\/p>\n\n\n\n<p><a>L\u2019association a pour but de promouvoir au sein de la soci\u00e9t\u00e9 alg\u00e9rienne, un \u00e9tat de droit, bas\u00e9 sur les libert\u00e9s individuelles et collectives, la citoyennet\u00e9, l\u2019\u00e9galit\u00e9, la la\u00efcit\u00e9 et la libert\u00e9 de conscience et de culte, qui s\u2019inscrivent dans des valeurs d\u00e9mocratiques, universalistes, humanistes, f\u00e9ministes, sociales, \u00e9cologistes et solidaires.<\/a><\/p>\n\n\n\n<p>L\u2019association s\u2019inscrit \u00e9galement dans les luttes pour le droit des minorit\u00e9s sans discrimination de genre.<\/p>\n\n\n\n<p>L\u2019association a \u00e9galement pour objet la promotion de l\u2019enseignement de la langue Alg\u00e9rienne (DARRIDJA) et de la langue Amazigh : langue nationale et officielle, et la reconnaissance pluriculturelle du peuple Alg\u00e9rien dans toutes ses composantes, ainsi que l&rsquo;enseignement de l&rsquo;histoire Alg\u00e9rienne dans toute sa richesse et de ses dimensions multiples.<\/p>\n\n\n\n<p><strong>Article 3 : Moyens d&rsquo;action<\/strong><\/p>\n\n\n\n<ul class=\"wp-block-list\"><li>Organisation d&rsquo;\u00e9v\u00e8nements politiques, culturels et artistiques tout en redonnant aux langues populaires alg\u00e9riennes toute leurs l\u00e9gitimit\u00e9s.<\/li><li>Participation \u00e0 des \u00e9v\u00e8nements organis\u00e9s par des tiers<\/li><li>Cr\u00e9ation de partenariats avec d&rsquo;autres associations en France, en Alg\u00e9rie et ailleurs dans le monde<\/li><\/ul>\n\n\n\n<p><strong>Article 4 : Si\u00e8ge social<\/strong><\/p>\n\n\n\n<p>Le si\u00e8ge social est fix\u00e9 \u00e0 :&nbsp; 77120 Coulommiers.<\/p>\n\n\n\n<p>Il pourra \u00eatre transf\u00e9r\u00e9 par simple d\u00e9cision du Bureau et ratification de l\u2019Assembl\u00e9e g\u00e9n\u00e9rale, si n\u00e9cessaire.<\/p>\n\n\n\n<p><strong>Article 5 : Dur\u00e9e<\/strong><\/p>\n\n\n\n<p>La dur\u00e9e de l&rsquo;association est illimit\u00e9e<\/p>\n\n\n\n<p><strong>Article 6 : Adh\u00e9sion<\/strong><\/p>\n\n\n\n<p>&nbsp;Pour faire partie de l\u2019association, la qualit\u00e9 de membre adh\u00e9rent ne peut s\u2019acqu\u00e9rir qu\u2019apr\u00e8s versement de la cotisation annuelle, et apr\u00e8s avoir pris connaissance du r\u00e8glement et valid\u00e9 par chaque membre \u00e0 son adh\u00e9sion.<\/p>\n\n\n\n<p><strong>Article 7 :<\/strong><\/p>\n\n\n\n<p>La cotisation est fix\u00e9e annuellement et son montant peut \u00eatre revu \u00e0 l\u2019occasion des Assembl\u00e9es G\u00e9n\u00e9rales<\/p>\n\n\n\n<p><strong>Article 8 :<\/strong><\/p>\n\n\n\n<p>La qualit\u00e9 de membre se perd par :<\/p>\n\n\n\n<ul class=\"wp-block-list\"><li>La d\u00e9mission<\/li><li>Le d\u00e9c\u00e8s<\/li><li>La radiation prononc\u00e9e par le Bureau de l\u2019association pour le non-paiement de la cotisation ou pour motif grave, ce qui sera notifi\u00e9 par \u00e9crit.<\/li><\/ul>\n\n\n\n<p><strong>Article 9 : Les ressources de l\u2019association comprennent :<\/strong><\/p>\n\n\n\n<ul class=\"wp-block-list\"><li>Le montant du droit d\u2019entr\u00e9e, ou cotisation, \u00e9tabli pour la premi\u00e8re ann\u00e9e \u00e0 20 \u20ac.<\/li><li>Les subventions de l\u2019Etat, des r\u00e9gions, des d\u00e9partements et des communes.<\/li><li>Les dons manuels et tout autre ressource qui ne soit pas contrainte aux r\u00e8gles en vigueur.<\/li><li>Les ventes de produits artisanaux, alimentaires ou non alimentaires<\/li><\/ul>\n\n\n\n<p><strong>Article 10&nbsp;:<\/strong><\/p>\n\n\n\n<p>L\u2019association est administr\u00e9e par un bureau compos\u00e9 d\u2019au moins deux membres adh\u00e9rents, \u00e9lus pour 24 mois par l\u2019Assembl\u00e9e G\u00e9n\u00e9rale et r\u00e9\u00e9ligibles. Le Bureau choisit parmi ses membres un Pr\u00e9sident et un tr\u00e9sorier. Les d\u00e9cisions sont prises \u00e0 la majorit\u00e9.<\/p>\n\n\n\n<p><strong>Article 11 :<\/strong><\/p>\n\n\n\n<p>L\u2019assembl\u00e9e G\u00e9n\u00e9rale comprend tous les membres de l\u2019association et se r\u00e9unit chaque ann\u00e9e. La convocation est envoy\u00e9e 15 jours avant la date pr\u00e9vue.<\/p>\n\n\n\n<p><strong>Article 12 :<\/strong><\/p>\n\n\n\n<p>En cas de dissolution prononc\u00e9e par les deux tiers des membres pr\u00e9sents \u00e0 l\u2019Assembl\u00e9e G\u00e9n\u00e9rale, deux liquidateurs choisis parmi les membres actifs sont nomm\u00e9s et l\u2019actif, est d\u00e9volu, s\u2019il y lieu, conform\u00e9ment \u00e0 l\u2019article 9 de la loi du 1er juillet 1901 et au d\u00e9cret du 16 aout 1901, selon les orientations fix\u00e9es en Assembl\u00e9e g\u00e9n\u00e9rale.<\/p>\n\n\n\n<p><strong><u>Fait le 27 mars 2022<\/u><\/strong><\/p>\n\n\n\n<figure class=\"wp-block-table\"><table><tbody><tr><td>Le&nbsp;pr\u00e9sident&nbsp;: ASSAM Mokrane&nbsp;<\/td><td>La tr\u00e9sori\u00e8re&nbsp;: Soad Baba A\u00efssa&nbsp;<\/td><td>Secr\u00e9taire g\u00e9n\u00e9ral&nbsp;: Amara Ben Amara<\/td><\/tr><tr><td>&nbsp;<\/td><td>&nbsp;<\/td><td>&nbsp;<\/td><\/tr><\/tbody><\/table><\/figure>\n","protected":false},"excerpt":{"rendered":"<p class=\"text-justify mb-2\" >Version PDF, cliquer ici: https:\/\/algeriademocracy.com\/wp-content\/uploads\/2022\/06\/Statuts-Algeria-Democracy-2022-03-27.pdf Articles des statuts Article 1 : Nom Il est fond\u00e9 entre les adh\u00e9rents aux pr\u00e9sents statuts une association \u00e0 but non lucratif r\u00e9gie par la loi du 1er Juillet 1901 et le d\u00e9cret du 16 ao\u00fbt 1901, ayant pour titre [&hellip;]<\/p>\n","protected":false},"author":7,"featured_media":0,"parent":0,"menu_order":0,"comment_status":"closed","ping_status":"closed","template":"","meta":{"footnotes":""},"class_list":["post-336","page","type-page","status-publish","hentry"],"_links":{"self":[{"href":"https:\/\/algeriademocracy.com\/index.php\/wp-json\/wp\/v2\/pages\/336","targetHints":{"allow":["GET"]}}],"collection":[{"href":"https:\/\/algeriademocracy.com\/index.php\/wp-json\/wp\/v2\/pages"}],"about":[{"href":"https:\/\/algeriademocracy.com\/index.php\/wp-json\/wp\/v2\/types\/page"}],"author":[{"embeddable":true,"href":"https:\/\/algeriademocracy.com\/index.php\/wp-json\/wp\/v2\/users\/7"}],"replies":[{"embeddable":true,"href":"https:\/\/algeriademocracy.com\/index.php\/wp-json\/wp\/v2\/comments?post=336"}],"version-history":[{"count":2,"href":"https:\/\/algeriademocracy.com\/index.php\/wp-json\/wp\/v2\/pages\/336\/revisions"}],"predecessor-version":[{"id":429,"href":"https:\/\/algeriademocracy.com\/index.php\/wp-json\/wp\/v2\/pages\/336\/revisions\/429"}],"wp:attachment":[{"href":"https:\/\/algeriademocracy.com\/index.php\/wp-json\/wp\/v2\/media?parent=336"}],"curies":[{"name":"wp","href":"https:\/\/api.w.org\/{rel}","templated":true}]}}